on divisor of c and a.
7
Suppose 0 = 6*b - 9*b - 684. Let u be 1/(b/(-222) + -1). Calculate the highest common divisor of u and 2.
1
Let t be -5 + 24/(-3) + -1. Let c be (t/(-10))/(8/1480). Calculate the highest common divisor of 37 and c.
37
Let k(y) = 36*y**2 - 12*y**2 - 4 - 42*y + 0 + 83*y**3 - 84*y**3. Let c be k(22). Suppose p = -p + 8. Calculate the greatest common factor of c and p.
4
Suppose 28*v - 935 = 23*v. Let q = -124 + 146. Calculate the highest common factor of v and q.
11
Suppose -5*a = -3*a + 2*a. Let y be (-4 + -4)*-1*(a + 1). Suppose -2*q = -y*q + 54. Calculate the greatest common divisor of 1 and q.
1
Let n be 11/(-22) - (1767/(-6) - -4)/1. What is the highest common divisor of 70 and n?
10
Let t = -1848 + 2669. Suppose -2*p = 3*p - 4*m - 841, 0 = -5*p - m + t. What is the greatest common divisor of 75 and p?
15
Let m be (27/(-9))/(18725/(-27750) + (-4)/(-6)). Calculate the greatest common divisor of m and 814.
74
Let v(j) = -3*j**3 + 2*j**2 + 9. Let i be v(-3). Let w = -51 + i. Calculate the highest common factor of 114 and w.
57
Suppose 5*p - 835 + 5 = -5*n, 0 = -2*n - 4*p + 342. Suppose -3*t - w - 3*w + 77 = 0, t + 3*w = 29. What is the highest common divisor of t and n?
23
Let s(g) = 489*g - 28. Let m be s(7). What is the highest common factor of 140 and m?
35
Let j = -5767 + 5975. What is the greatest common divisor of j and 1404?
52
Let l be 4*2/(-12)*6. Let w be (-5 - l)*256/(-1). What is the greatest common divisor of w and 16?
16
Suppose 4*p - 387 = -107. Let a = p + -35. Let s = 7 + -2. Calculate the greatest common factor of s and a.
5
Let h(d) = -23*d - 25. Let b be h(-5). Let j be (-4 - (-13)/4)*-18*4. What is the highest common divisor of j and b?
18
Let p(a) = 15*a + 435. Let h be p(-6). Let c(t) = 6*t**2 + 2*t - 3. Let j be c(-3). What is the highest common factor of h and j?
15
Let n = 4533 + -2934. Calculate the highest common divisor of n and 164.
41
Let g = 1013 - 443. Calculate the greatest common divisor of 30 and g.
30
Let o be -9 - (-8889)/(8 + (-78)/12). What is the highest common divisor of 61 and o?
61
Let j = -2629 - -2849. Calculate the greatest common factor of 820 and j.
20
Let m be 1 - 3/((-6)/4). Let w = 6 - m. Suppose -155*q + 936 = -131*q. What is the greatest common factor of q and w?
3
Suppose -5*c + k + 1254 = 0, -22*c = -23*c - 3*k + 238. Calculate the highest common factor of c and 175.
25
Let g be (-17)/(-5) - 9/(-15). Let w = 158 + -146. What is the greatest common divisor of w and g?
4
Let z be (1978/645 - 4/(-3))/((-5)/(-30450)). Calculate the highest common divisor of z and 264.
132
Let h = 293 + -124. Let o = 183 - h. What is the highest common factor of o and 266?
14
Let x = -159 - 109. Let t = x - -278. What is the highest common divisor of t and 65?
5
Let p = -10252 - -10682. What is the greatest common divisor of 2365 and p?
215
Suppose -1505 = -6*t - 1295. Let o be (40/t)/((-20)/(-70)). Calculate the greatest common divisor of o and 212.
4
Let b be -53*2*(111 + -115). What is the highest common factor of b and 9434?
106
Let q = 2078 + -1979. What is the highest common factor of q and 72?
9
Suppose -2*b + 8 = -2*n - 0*b, -2*b = 3*n + 2. Let u be -1 - 0 - (0 + -7 + n). What is the greatest common divisor of u and 40?
8
Let h be ((6/(-7))/((-1)/(-7)))/((-114)/494). Calculate the greatest common factor of h and 37258.
26
Suppose -3*r - 2*d = -1647, 2*r - 14*d + 13*d - 1098 = 0. Let y = 629 - r. What is the greatest common factor of 680 and y?
40
Let m(x) = 13*x**2 + 21*x + 62. Let d be m(-4). What is the highest common divisor of 124 and d?
62
Suppose 0 = -11*t + 29*t + 3042. Let q = t + 173. What is the greatest common factor of q and 4?
4
Let m = -71 + 81. Suppose 3*h - 5 = 10, 2*u - 151 = 3*h. Let g = u - 43. Calculate the highest common divisor of g and m.
10
Let w be 26*1*(-3)/(-6). Let m be (-4 - -4) + -4 + 199. Suppose -21*f + 18*f + m = 0. Calculate the greatest common divisor of f and w.
13
Let o be 5 + 2946 - -6 - (6 + -4). What is the greatest common factor of 15 and o?
15
Let w(m) = -2*m**2 - 53*m - 70. Let i be w(-23). Calculate the greatest common factor of i and 2513.
7
Suppose -12*w = 3*w - 840. Calculate the greatest common divisor of 2268 and w.
28
Suppose -2*y - 2 = 0, 0 = 5*c - 224*y + 221*y - 448. What is the highest common factor of c and 18334?
89
Let u be ((-21)/5)/(13 - (-1518)/(-115)). Let d(s) = 2*s**2 - 6*s + 1. Let m be d(4). Let x be 6/m + 565/3. Calculate the highest common factor of x and u.
21
Let r(n) = 2*n**3 - 83*n**2 + 32*n + 38. Let o be r(41). Let z = o + 389. Calculate the greatest common factor of 261 and z.
29
Let p = -4726 + 4978. Calculate the highest common divisor of p and 36.
36
Let j = 322 + -319. Calculate the highest common factor of 1746 and j.
3
Suppose 2322 = 2*n + 5*i, n = -4*i + 839 + 322. What is the greatest common factor of n and 903?
129
Let n = 1 + 17. Suppose 2*x - n = 8. Suppose x*q - 14*q = -28. What is the greatest common divisor of q and 28?
28
Let a be 4/(6/(-4)*12/(-9)). Suppose -a*f + 373 = -265. What is the highest common factor of f and 11?
11
Let k be (-26)/(-5)*(-51)/(867/(-4930)). Calculate the greatest common divisor of k and 260.
52
Let h(j) = -j + 13 + 3*j - 26. Let p be h(9). Suppose 0 = 3*i + o - 44, 3*i + p*o = 3 + 61. What is the highest common divisor of i and 65?
13
Suppose -5*y + 46 = -29. Suppose -y*k = -19*k - 112. Let w = k - -38. What is the highest common divisor of 5 and w?
5
Let j = -4300 + 4839. What is the greatest common divisor of 77 and j?
77
Let z(r) = -r**3 + r**2 + 21*r + 19. Let i be z(-8). Calculate the highest common factor of i and 488.
61
Let k = -42 - -117. Suppose r = -20 + k. What is the greatest common factor of r and 33?
11
Suppose 10*h + 20*h = 678 + 282. What is the highest common divisor of 232 and h?
8
Let i be 13/(39/26 - 1/1). Suppose -22*n + 2086 = -1918. Calculate the highest common divisor of n and i.
26
Suppose 3 = 5*j + 33. Let a = -5 - j. Let g be ((-447)/(-21) + 2/(-7))*a. Calculate the highest common factor of 3 and g.
3
Suppose n - 18 = -5*c, 3*n + 4*c + 3 = 24. Let v(r) = 6*r - 1. Let s be v(1). Suppose -s*w + 0*w + 60 = 0. What is the highest common factor of w and n?
3
Let q be (1 + 5)/6 + -6 - (-144)/9. Calculate the highest common divisor of q and 1001.
11
Suppose 9*w + 40 = w. Let f be w*-5*5/(-25) - -47. Calculate the greatest common divisor of f and 63.
21
Let w be (-2 + 137 + -6)/(2/(224/6)). Calculate the greatest common factor of w and 72.
8
Let h = -396 + -636. Let f = 1977 + h. Calculate the highest common factor of 9 and f.
9
Let s(j) = 11*j + 9. Let k be s(0). What is the greatest common factor of 27 and k?
9
Let o(t) = -t**2 - 134*t - 2121. Let s be o(-19). What is the greatest common factor of s and 4192?
32
Suppose l = -5*w + 433, -1058 = -5*l + 4*w + 1049. What is the greatest common factor of 33 and l?
3
Let d(g) = 31*g + 669. Let v be d(-19). What is the highest common divisor of v and 16400?
80
Let b = -3136 - -3336. What is the highest common factor of 55 and b?
5
Let c(j) = -48*j - 14. Let p be c(-2). Suppose 0 = -149*d + 129*d + 1640. What is the greatest common divisor of p and d?
82
Suppose 9329*r - 7304 = 9246*r. Calculate the highest common factor of 16808 and r.
88
Suppose -4*x + 18 + 14 = 0. Let z = -452 - -463. Suppose 2*u - z - x = -c, u - 2*c - 7 = 0. Calculate the greatest common factor of u and 6.
3
Let t(y) = -2*y**2 + 32*y - 27. Let a(k) = k**3 + 3*k**2 - 19*k - 45. Let l be a(-4). Let h be t(l). Calculate the highest common factor of h and 3.
3
Let n be (-51)/(-136) + (-26838)/(-112). What is the highest common factor of 2976 and n?
48
Let s(d) = -201*d**3 - 2*d**2 + 16*d + 23. Let g be s(-2). Calculate the highest common divisor of 148 and g.
37
Suppose 0 = 3*b - 3*t - 59 - 49, -t = 3. Suppose -13*h - b - 6 = 0. Let i be h/18 + 868/24. Calculate the greatest common divisor of i and 54.
18
Let m(t) = 2*t + 32. Let p be m(-17). Let b be p + -3 + 16/(-8). Let l = 62 + b. Calculate the highest common divisor of 22 and l.
11
Let g be ((-321)/(-15) - -1)*(54/(-36) - -4). What is the greatest common factor of 4088 and g?
56
Let l(f) = -2*f - 6. Let k be l(-4). Suppose -7*m = -12*m + 370. Suppose k*v - m + 36 = 0. What i